. What are the prime factors of k?
2, 5
Let j(y) = 2*y**2 + 4*y + 1. Let m be j(-2). Let o(a) = 22 - 7*a + m - 1. What are the prime factors of o(-8)?
2, 3, 13
Suppose 4*u - 16*u = -36161 - 87331. List the prime factors of u.
41, 251
Let j = 9637 - 6139. What are the prime factors of j?
2, 3, 11, 53
Suppose 5*a + 5937 = 3*w, 3*w - 4601 = a + 1336. Suppose -w = -9*o + 955. What are the prime factors of o?
2, 163
What are the prime factors of (-4)/((-3170)/3166 - (-1)/(-3 + 4))?
2, 1583
Suppose -78*o + 84*o = 18. Suppose 6 = -o*r, 19*r - 18*r - 478 = -3*m. What are the prime factors of m?
2, 5
Suppose 133*k - 43*k - 224370 = 0. What are the prime factors of k?
3, 277
Let t(i) = 2*i - 22. Let a be t(14). Suppose 2*m + d = a*m - 3766, 3*d = -6. List the prime factors of m.
941
Let j(t) = 611*t - 69. Let v be j(5). Suppose -902 - v = -24*g. List the prime factors of g.
2, 3
Let y be (-92)/(-22) + 1 + 8/(-44). Suppose 2*j = -3*n + y*n - 2068, 4*n + 4*j - 4112 = 0. What are the prime factors of n?
1031
Let c = 98 - 95. Suppose 3*v - 26 + 38 = 0, -2*z - c*v = -2306. What are the prime factors of z?
19, 61
Let q(o) = o + 10. Let y be q(-7). Suppose -a = -2*j, y*j - 25 = -2*j. Suppose -a*v = -8*v - 118. List the prime factors of v.
59
Suppose 102 = 5*s + 67, 2*s = q - 15580. What are the prime factors of q?
2, 3, 23, 113
Let r = 242 + -142. Suppose -9*j + r = j. Suppose -j*k = 3*k - 1807. List the prime factors of k.
139
Suppose -143 + 583 = 2*c. Let p = 217 + c. What are the prime factors of p?
19, 23
Let o be ((-25)/15)/(2/(-90)). What are the prime factors of o/(-45) + 707/3?
2, 3, 13
Let a(o) = 2*o - 101. Let m be a(43). Let c(v) = v**3 + 18*v**2 + 19*v - 70. What are the prime factors of c(m)?
2, 5
Suppose 2*m - 5952 = 10*k - 5*k, -k = m + 1196. Let z = 80 - k. List the prime factors of z.
2, 3, 53
Let n(b) = -2*b + 25. Let y be n(10). Suppose y*j = -13*j + 51084. Suppose -15*u = -j + 303. List the prime factors of u.
13
Suppose 3*c + 117 = -15. Let j(l) = -l**3 - 12*l**2 - 16*l - 10. Let o be j(-10). What are the prime factors of ((-3)/1)/(c/o + -1)?
5
Let z be (17 - -5)*(1 + (-10)/4). Let p = -30 - z. What are the prime factors of 1*48 + (0 - p)?
3, 5
What are the prime factors of (1*(-84081)/3)/(-5 - -4)?
28027
Let u = 12577 - 7446. List the prime factors of u.
7, 733
Suppose 10*s - 35 = 5*w + 7*s, -5*w - s = 15. Let u(h) = -3*h**3 - 8*h**2 + 2*h - 8. List the prime factors of u(w).
2, 3
Suppose 675 = -8*k - 957. Suppose 2*q + 3 = -q. List the prime factors of (k/18)/(q/6).
2, 17
Suppose 0 = -4*n, 6*q - q + n = 2785. List the prime factors of q - (-7)/(21/6).
13, 43
Suppose -3*m = -29*b + 30*b - 653, m + 1327 = 2*b. List the prime factors of b.
2, 331
Let a = -28430 + 46103. List the prime factors of a.
3, 43, 137
Let d(n) = -19*n**2 + 81*n + 25. Let f be d(-11). Let o = -26759 + 39414. List the prime factors of ((-1)/(-3))/(o/f - -4).
211
Let u(z) = -5*z**2 - z + 53. Let v be u(-22). What are the prime factors of 9/((-7056)/v + -3)?
3, 5, 67
Suppose 28150 = 24*a + a. List the prime factors of a.
2, 563
Let a = 170870 - 87551. What are the prime factors of a?
3, 27773
Suppose -4*b + 5*s + 61381 = 12736, -5*b = -5*s - 60800. List the prime factors of b.
5, 11, 13, 17
Suppose 15*i = 18*i - 27. Let w = 12 - i. Suppose 3 = -g, 3*z - 31 - 11 = -w*g. What are the prime factors of z?
17
Suppose -4*r + 2002 = 2*i, 2504 = 5*r + i + 3*i. Let u = r - 253. What are the prime factors of u?
13, 19
Let n = -38 - -41. Suppose -n*o + 0 = -6. Suppose -3*l + 20 = o*l. What are the prime factors of l?
2
Let m = -1855 - -13183. List the prime factors of m.
2, 3, 59
Let x be (-4)/((-24)/58) + (-6)/9. Suppose 0 = x*w + 14 + 13. What are the prime factors of 6 + (1 - 1) + w + 102?
3, 5, 7
Suppose 3*t + 2 = 2*u - 4, 4*u = -5*t + 56. Suppose u*g - 106 = 839. List the prime factors of g.
3, 5, 7
Suppose 0 = -28*m + 25*m + 120. Let o = -140 - m. Let y = 26 - o. List the prime factors of y.
2, 103
Suppose 5 = -127*d + 128*d. Suppose 0*l - l + 5*k = -1148, -4*l + d*k + 4577 = 0. What are the prime factors of l?
3, 127
Let c = 141 + -143. List the prime factors of 1*(-11 + c)*(-4 - 24).
2, 7, 13
Let f be 3044/10 - (-3)/5. Let v = 477 - f. What are the prime factors of v?
2, 43
Suppose 38 = 3*l + 5*m, -3*l = -3*m - 2 - 4. Let k be 4/5*45/l. Let h(r) = 2*r**2 + 12*r - 6. List the prime factors of h(k).
2, 3, 23
Suppose -5*x - 3*u + 12279 = 0, 4*x + u - 9819 = -0*u. What are the prime factors of x?
2, 3, 409
Suppose 3*k + f - 11 = 0, 3*k + 5*f = 13 + 6. Suppose 0*j = -k*j - 5*t + 955, 3*t - 15 = 0. List the prime factors of j.
2, 5, 31
Suppose 0 = 3*h + 1 + 11, 4*x + 5*h = 27928. List the prime factors of x.
3, 17, 137
Let i = -341 - -1716. Suppose i = 3*b - 5*t, -b - 8 + 466 = -2*t. List the prime factors of b.
2, 5, 23
Suppose 22*g - 16*g - 1170 = 0. Let q = 41 + g. What are the prime factors of q?
2, 59
Suppose 0 = -2*n + 2*z + 232, -3*n - 2*z - 113 + 476 = 0. Suppose 0 = -2*g + g + 251. Let f = g - n. List the prime factors of f.
2, 3, 11
Let w(d) = -d**3 + 14*d**2 + 2*d - 24. Let b be w(14). Let x(j) = -j**3 + 10*j**2 - 9*j + 1. List the prime factors of x(b).
61
Let s be 1 - 1/(2/(-1532)). Suppose -3*f + 61 = 5*a - 56, 5*a - 2*f - 97 = 0. What are the prime factors of (-12)/a - s/(-7)?
109
Let k(x) = -68*x + 2. Let z be k(-1). Let i(d) = 7*d**2 - 10*d + 1. Let b be i(7). Suppose -8*o = -b - z. List the prime factors of o.
43
Suppose -2732 - 3052 = 12*h. Let n = -270 - h. List the prime factors of n.
2, 53
Suppose 0 = -4*s - 4*j + 8, 1 = 4*j - 3. Let z be 2/(-4) + s/(-2). What are the prime factors of -31*z/2*6?
3, 31
Let q be (-26)/((-15 + 16)*1/(-28)). Let j = -368 + q. List the prime factors of j.
2, 3, 5
Let g be ((-678)/(-15) - 4) + (-8)/(-10). List the prime factors of 8/28 - 3/g*-3566.
3, 5, 17
Let z be -6 + (-5 + 221)/(-2). Let j = z + 132. List the prime factors of j.
2, 3
Let l = 2943 + -1732. Let y = 1818 - l. List the prime factors of y.
607
What are the prime factors of (4/(-26) + 100224/468)*30/4?
3, 5, 107
Suppose 6*z + 0*z = 30. Suppose 2*f + 3*n - 1973 = 0, -n + 842 + 4097 = z*f. What are the prime factors of f?
2, 13, 19
Suppose -72*n - 225478 = -698630 - 377024. List the prime factors of n.
2, 3, 41
Let j = -12126 + 19113. What are the prime factors of j?
3, 17, 137
Let h be (-1 - 2)*24/(-18)*1. Let p(r) = 71*r - 12. What are the prime factors of p(h)?
2, 17
Let v(f) = 53*f**2 - 246*f - 1766. List the prime factors of v(-7).
3, 23, 37
Suppose 0 = 3*a + 4*n - 40080, 3*n - 5*n = 0. List the prime factors of a.
2, 5, 167
Let i(q) be the third derivative of 7*q**4/24 + 97*q**3/6 + 10*q**2 + 1. What are the prime factors of i(8)?
3, 17
Let c(u) = -14*u**3 - 8*u + 13. List the prime factors of c(-8).
3, 5, 7, 23
Let g(d) = -124*d + 434. What are the prime factors of g(-3)?
2, 13, 31
Suppose -2*x + 80 = -0*x. Let m be 46/16 - (-5)/x. Suppose h = -3*v + 284, 4*v + m*h = v + 288. What are the prime factors of v?
2, 47
Let g(i) = -5*i**3 - 18*i**2 + 30*i - 54. What are the prime factors of g(-18)?
2, 3, 421
What are the prime factors of (-8 - 357085/(-25)) + 18/(-45)?
5, 571
Suppose 204*j - 152990 - 150151 = -56097. List the prime factors of j.
7, 173
Let x(i) = 128*i + 2. Suppose 4*g - 20 = 0, -2*q - 4*g = -3*g - 7. Let n be x(q). Suppose 6*r - n = 4*r. List the prime factors of r.
5, 13
Let v(g) = 2*g**3 - 69*g**2 - 2*g + 58962. List the prime factors of v(0).
2, 3, 31, 317
Suppose 12*y + 28 = 19*y. Suppose -1155 = -y*n - n. List the prime factors of n.
3, 7, 11
Let n(o) = 16*o**2 + 5*o + 22*o**3 - 26 - 21*o**3 + 7*o**2 - 4*o**2. List the prime factors of n(-18).
2, 13
What are the prime factors of ((-12584688)/120)/(-38) - (-6)/5?
11, 251
Let y(w) = 1658*w - 872. What are the prime factors of y(4)?
2, 3, 5
Let j = -8856 - -13975. What are the prime factors of j?
5119
Suppose 2*g - 12*g + 86024 = 3*i, 0 = g - 3*i - 8609. List the prime factors of g.
7, 1229
Let n(v) = -69866*v - 441. List the prime factors of n(-1).
5, 2777
Let g = 21370 - 5550. List the prime factors of g.
2, 5, 7, 113
Let u(y) = 844*y**2 + 96*y + 276. What are the prime factors of u(-3)?
2, 3, 79
Suppose -11 = 3*u - 38. Suppose u*h = -h + 3460. What are the prime factors of h?
2, 173
Let k